1 + 7 - 21.
-12
Evaluate -20 + (-4 - -12) + -4 - (-1 - -2).
-17
-1 + -10 + (7 - -16) + -41 + 6
-23
4 + -4 + 17 - ((-1 - 13) + 14)
17
Evaluate 0 - -1 - (-4 + 12) - 1.
-8
What is the value of 9 + (-1 - -3) + 4 - (0 - -1)?
14
Evaluate -7 + (40 - 38) - (2 - 3 - 3).
-1
What is the value of 5 + 6 + -24 + 11?
-2
What is the value of (11 - -1) + 30 + -87 + 34?
-11
Calculate -7 - ((-58 - -55) + (0 - -1)) - 16.
-21
Evaluate -47 + 79 + -36 + 15.
11
Calculate 2 + -17 + 10 + (-4 - -10).
1
What is -13 + -27 + 21 + (2 - 0)?
-17
What is -7 - (11 + 5 - (12 - 5) - 37)?
21
What is the value of (-18 - -10) + 13 + (-4 - -10) + -21?
-10
What is -6 - -9 - (-3 + 5) - -7?
8
What is -11 - (8 + -11) - -6 - -16?
14
What is (-3 + 8 - (36 + -1)) + 9?
-21
Calculate (-2 - -2 - 2) + (2 - -1) + 2.
3
What is -5 + (13 - (22 + -13 + 5))?
-6
What is the value of 0 + -4 + 3 + (22 - 40 - -14)?
-5
Evaluate -6 + -7 + (-1 - -1) + (-79 - -80).
-12
Evaluate (-2 - (10 - 1)) + (13 - (-13 - -22)).
-7
(4 - (5 + -1)) + (9 - 9)
0
Evaluate -7 - (8 - (-17 + 12 - (-11 - 3))).
-6
What is the value of 2262 + -2227 - (1 - -52)?
-18
What is 15 - 2 - (99 + -92)?
6
What is 57 + (-28 - -12) + (-18 - -2)?
25
What is 6 - (-42 + 62 + -7 + 1)?
-8
What is -2 - (19 - 1 - 38)?
18
Calculate 3 - 1 - (5 + -14 + 9).
2
What is the value of -1 + 34 + -134 + 97?
-4
What is the value of 4 + (16 - (10 - 0)) - 8?
2
Calculate 50 - 25 - (-13 + 13).
25
-1 - -16 - (1062 - 1048)
1
What is the value of 2 + (5 - -14) - 18?
3
What is the value of 3 - -22 - (157 - 99)?
-33
Evaluate -5 - 8 - -6 - (-6 + 2).
-3
What is the value of (-4 - 3) + -9 + 42 + -7?
19
Calculate -16 - ((-21 - -31) + -19).
-7
Calculate 61 - 70 - (-4 - 4).
-1
Evaluate (-5 - 7) + 5 - (-4 + 4 + 5).
-12
Calculate 10 - (-7 + -1 + -3) - (8 + -1).
14
-1 - (0 + 2) - (29 + (22 - 54))
0
Calculate 3 + -11 + (2 - -6) + 2 + -16.
-14
(-5 - (-20 - -5)) + -6
4
Evaluate (-3 - -32) + 68 + -84.
13
(13 + 0 - (199 - 178)) + 9
1
3 - ((-10 - -11) + 10 + -2)
-6
Calculate 0 - (-4 - 13) - (5 + 2 - 4).
14
Evaluate (-11 - (46 - 32)) + 48.
23
What is the value of 1 + -2 - (-19 + -2 + (-14 - -22))?
12
5 - (-65 + 65 + (-11 - -1))
15
-5 - (2 + -2 + -3 + 11 + 1)
-14
What is -24 - (11 + -36 + 12)?
-11
What is the value of (10 + -34 - -15) + -15 + -5?
-29
Calculate (1 - -1) + -18 + (-25 - -33).
-8
Evaluate (-52 - (-48 + -20)) + (-1 - (0 - 0)).
15
What is the value of (-7 + 3 + (5 - 3) - -5) + -8?
-5
Calculate -144 + 140 + -2 + -1 + -4.
-11
Evaluate -12 - ((-27 - -1) + 9) - (-3 + 14).
-6
What is 9 - (5 + -7 + 4) - 6?
1
-9 + -42 + 26 + 5
-20
Evaluate (3 - 10) + (0 - (6 + -7)) + -3.
-9
14 + -5 - 1 - (-18 + -2 - 0)
28
Evaluate -24 - ((-28 + 22 - 2) + 8 + 1).
-25
Calculate -18 - (-3 - (-14 + 20 - -3)).
-6
20 + -9 + 34 + -8
37
What is the value of 2 + -8 + (-14 - 6) + 13?
-13
What is the value of 4 + 0 + -1 + (-9 - -1 - 2)?
-7
(-3 - -1) + 1 + 6 + 5 + -15
-5
What is (-28 - (-33 - -16)) + 24 + -3?
10
What is the value of (-1 + 8 - (0 + 3)) + 40 + -46?
-2
What is the value of 0 + 6 + (62 + 13 - 70)?
11
5 + -14 + 23 + -12
2
What is the value of 0 - (-8 - (-4 + 0) - -4) - 4?
-4
Calculate (1 - 22) + (54 - 28).
5
Calculate 94 + -69 + -14 + -8 + -1.
2
What is the value of 7 - ((2 - (0 + -5)) + 37 + -48)?
11
What is (-1 - -1 - 29) + (-1 - -93 - 88)?
-25
Calculate (10 + -1 - 1) + 56 + 13 + -83.
-6
What is 9 + -4 - (4 + -6 - -5)?
2
Calculate -8 + (8 - -24) + -11.
13
What is the value of (18 - -4) + (-38 - -37)?
21
What is the value of 53 + (2 - 40 - -2)?
17
(-385 - -359) + (0 - -9)
-17
Evaluate (3 + -11 - 24) + 16.
-16
Evaluate (-5 - 26 - -28) + 15 + -2.
10
Evaluate (-10 - -3) + (37 - (11 + -15) - 7).
27
(-6 - -10) + -1 + -5
-2
Calculate (-2 - (10 + -10)) + 1 + 3 + 1.
3
Evaluate (-16 - -9 - -12) + (1 - -5).
11
What is 0 + 1 + 3 - (88 + -86) - -1?
3
What is -6 + (14 - (-8 - -10)) - (0 - -17)?
-11
What is the value of ((7 - -5) + -3 + -12 - -9) + -14?
-8
Evaluate -10 - 15 - (-6 + 0).
-19
Evaluate -12 - (-7 - -6 - 17).
6
Evaluate 4 + (-2 - -3) + 3 - (205 + -165).
-32
What is (-20 - -15 - -19) + -16?
-2
What is the value of -8 + (-9 - (-6 - 4)) + -1?
-8
What is 9 + -3 + -5 + 5 + 2 + -6?
2
What is -8 + 1 + 4 + 4 + -8 + 5?
-2
What is 6 + 0 + -6 + 13 + -10?
3
What is 1 + (-7 - 5) + (0 - 2) + -19?
-32
Calculate (-1 + -31 - -19) + 2 + 3.
-8
What is the value of (-2 - -25) + -18 + 1 + 6?
12
What is 20 + (0 - 12 - (21 - 8 - 17))?
12
What is the value of -5 + 34 + (18 - 34)?
13
What is 3 + 2 - (469 - 455)?
-9
Evaluate (15 - 6) + (-70 - -73).
12
Evaluate -9 + (-10 - -14) + 9 + -1.
3
15 - ((-3 - -4 - -4) + -5)
15
Calculate (-34 - -48 - 14) + -23 + 2.
-21
What is 2 + -2 - (-7 - (-41 + 24))?
-10
What is -3 - 11 - -8 - (-2 + -3)?
-1
9 - (11 - 19 - -36)
-19
What is 1 - (-16 - -51) - -18?
-16
Evaluate (24 - 13) + 8 + -26 + -1 + -10.
-18
What is the value of -12 - (-30 + 16) - 0?
2
What is 5 + -7 - (-28 + 47)?
-21
What is the value of 0 - -9 - (-84 + 99)?
-6
15 + (27 - 54) + 17
5
Evaluate (21 + -8 - -2) + -4 - (1 - 1).
11
Evaluate (6 - -1 - (-17 - -32)) + 7 + 10.
9
What is (-287 + 169 - -108) + 3 + 0 + 0?
-7
What is (7 + 2 - -4 - 12) + (1 - 0)?
2
What is 32 - (9 + 33 + -27)?
17
Calculate -6 + -1 + -9 + 13 + (-22 - -21).
-4
What is the value of 10 + -21 + (-13 - -20) + -16?
-20
Calculate -42 + (2 - 19 - -57).
-2
Calculate (-2 - -4) + (8 - 14 - 6).
-10
1 + 3 + -7 + 5 - -7
9
What is the value of -8 + 19 + -9 - -11?
13
What is the value of (13 + -6 - (16 + 2)) + 4?
-7
What is 19 + (-47 - -16 - 2)?
-14
What is -38 + 57 + -37 - (0 + 11)?
-29
-8 - (-11 + 6 - 8)
5
What is 1 + -10 - 0 - (81 + -66)?
-24
What is -28 + 36 + (3 - 2 - -7)?
16
Evaluate 31 + (0 - 6 - 0) + -1005 + 1002.
22
What is 5 + 1 + (2 - 6) + -3 + -13?
-14
What is 448 - 477 - (-14 - -2)?
-17
What is 37 + (6 - 27) + -28?
-12
Evaluate 133 - 168 - (-1 + 2 + -3 + -1).
-32
What is the value of -8 - -1 - (7 + -2 - 9 - 5)?
2
1 - (8 + 5) - -3 - (-1 - -5)
-13
Evaluate 12 + 4 + 1 + -13 - -14.
18
Evaluate (-6 + -3 - 2) + -43 + 38.
-16
What is the value of (35 - 10) + (7 - 6) + -4 - -4?
26
Evaluate 8 - 7 - -6 - (3 + 1).
3
Evaluate (-10 - (-11 + 2 - -6)) + 0 + -4.
-11
Calculate (-5 - (-2 + 0)) + (-37 + 62 - 25).
-3
Calculate -3 + -18 + 8 - (74 - 82).
-5
(-1 - (-28 + 2)) + -864 + 863
24
10 - (1 - (3 + -1 + -4))
7
((7 - (9 + -1)) + 12 - 6) + 6
11
Calculate -1 + -4 + (-24 - (40 - 68)).
-1
What is the value of (-10 - (4 + (-7 - 3))) + -1 + -2?
-7
What is -3 - (-5 + 9 + -2)?
-5
Evaluate 1 + -9 - (20 + 18 - 44).
-2
Evaluate -7 - (-16 + -1 - (18 + -24)).
4
30 + 1 - (666 + -647)
12
Calculate 40 + (-35 + -35 - -6).
-24
What is the value of (1 - 1) + -15 + -16 + 11?
-20
Calculate 9 + -1 + (7 + (-8 - 7) - -4).
4
0 + -11 - (4 + 8 + -13) - 1
-11
Evaluate 0 + 3 + (3 + 2 - 20).
-12
What is the value of 9 + (-15 - -6 - 1 - -8)?
7
What is (-7 - -11) + -9 + 7 - (9 + 6)?
-13
Calculate -25 + (-1 - -8) - 7.
-25
-13 + 26 + 6 - 0
19
What is 25 - (3 + 10 + 15)?
-3
Calculate -27 - -55 - 27 - (-1 + 2).
0
Calculate (1 - (4 - -1)) + (4 - (-6 - -9)).
-3
Calculate (-47 + 50 - ((6 - 3) + 4)) + 14.
10
What is the value of (18 - 1) + (-371 - -374)?
20
(-4 - (5 + -6 - 0) - 3) + 5
-1
Calculate 2 + -26 + (57 - 20).
13
14 + 1 + (-30 + -15 - -54) + -5
19
(13 + -48 - -30) + 0
-5
Evaluate -7 - ((-8 - 2) + 4) - 2.
-3
What is the value of 45 + -35 + (-3 - 1)?
6
What is the value of 4 - (1 + 3 + 0 + 5)?
-5
What is -19 + -67 + 67 + -6 + 2?
-23
Calculate 17 + -15 + (2 + -11 - -1).
-6
What is the value of 1 + 0 + (4 - 16 - -2) - -11?
2
Evaluate (3 + 8 - 0) + -6 - 9.
-4
What is 12 - (-7 - 7 - -25)?
1
What is 1 + -11 - (-17 + (16 - (-2 + 1)))?
-10
Calculate 49 + -63 + -25 - (1 + -8).
-32
0 + -9 + -4 - (6 - 18 - -3)
-4
What is the value of -23 - -2 - (-26 + 22)?
-17
What is (2 - -7) + (-9 - -11)?
11
((-34 - -3) + 5 - -10) + 26
10
What is -2 - (10 - (49 + (6 - 10) + -3))?
30
15 + -20 + 15 + -24
-14
19 + 25 + -27 + -15
2
What is the value of (-6 - (10 - (-4 + -7 - -26))) + -14?
-15
Calculate -1 + 5 - ((15 - 0) + (-10 - -11)).
-12
Evaluate 20 - (0 - 1 - (-52 - -46)).
15
Calculate (3 - 2 - (43 + -42) - 3) + 0.
-3
What is the value of -3 - -11 - (1 + (-23 - (2 + -12)))?
20
What is 17 + -31 - (19 - 25)?
-8
-37 + 20 - -34 - -10
27
What is the value of 2 - 0 - (-25 - (30 + -88))?
-31
Calculate (-1 - (-4 - -1)) + (88 - 101).
-11
Calculate